{"id":17,"date":"2024-02-26T11:37:44","date_gmt":"2024-02-26T10:37:44","guid":{"rendered":"http:\/\/es.rops-opole.pl\/?page_id=17"},"modified":"2025-10-31T12:06:53","modified_gmt":"2025-10-31T11:06:53","slug":"kontakt","status":"publish","type":"page","link":"https:\/\/es.rops-opole.pl\/?page_id=17","title":{"rendered":"Kontakt"},"content":{"rendered":"\n<h1 class=\"wp-block-heading has-text-align-center\">Biuro projektu <\/h1>\n\n\n\n<p class=\"has-text-align-center\"><strong>ul. Rejtana 5<br>45-331  Opole <\/strong><br>I pi\u0119tro, pok\u00f3j 15<\/p>\n\n\n\n<p class=\"has-text-align-center\">e-mail: rekrutacja(at)rops-opole.pl<br>tel. +48 77\u00a0456 58 86<\/p>\n\n\n\n<p><\/p>\n\n\n\n<hr class=\"wp-block-separator has-alpha-channel-opacity\">\n\n\n\n<h1 class=\"wp-block-heading has-text-align-center\">Koordynator projektu<\/h1>\n\n\n\n<p class=\"has-text-align-center\"><strong>Karolina Zaborska<\/strong><br>tel. +48 77 456 58 86<\/p>\n\n\n\n<hr class=\"wp-block-separator has-alpha-channel-opacity\">\n\n\n\n<h2 class=\"wp-block-heading has-text-align-center\">Personel projektu<\/h2>\n\n\n\n<h3 class=\"wp-block-heading has-text-align-center\">Badania i analizy<\/h3>\n\n\n\n<p class=\"has-text-align-center\"><br>tel. +48 77\u00a0456 58 88<\/p>\n\n\n\n<hr class=\"wp-block-separator has-alpha-channel-opacity\">\n\n\n\n<h3 class=\"wp-block-heading has-text-align-center\">Rozw\u00f3j us\u0142ug i szkole\u0144<\/h3>\n\n\n\n<p class=\"has-text-align-center\"><strong>Katarzyna Nied\u017awied\u017a<\/strong><br>tel. +48 77 456 58 88<\/p>\n\n\n\n<p class=\"has-text-align-center\"><strong>Beata Wolny<\/strong><br>tel. +48 77 456 58 89<\/p>\n\n\n\n<hr class=\"wp-block-separator has-alpha-channel-opacity\">\n\n\n\n<h3 class=\"wp-block-heading has-text-align-center\">Rozw\u00f3j i promocja Ekonomii Spo\u0142ecznej<\/h3>\n\n\n\n<p class=\"has-text-align-center\"><strong>Karolina W\u0142odarska<\/strong><br>tel. +48 77 456 58 86<\/p>\n\n","protected":false},"excerpt":{"rendered":null,"protected":false},"author":2,"featured_media":0,"parent":0,"menu_order":0,"comment_status":"closed","ping_status":"closed","template":"","meta":{"footnotes":""},"categories":[],"tags":[],"class_list":["post-17","page","type-page","status-publish","hentry"],"_links":{"self":[{"href":"https:\/\/es.rops-opole.pl\/index.php?rest_route=\/wp\/v2\/pages\/17","targetHints":{"allow":["GET"]}}],"collection":[{"href":"https:\/\/es.rops-opole.pl\/index.php?rest_route=\/wp\/v2\/pages"}],"about":[{"href":"https:\/\/es.rops-opole.pl\/index.php?rest_route=\/wp\/v2\/types\/page"}],"author":[{"embeddable":true,"href":"https:\/\/es.rops-opole.pl\/index.php?rest_route=\/wp\/v2\/users\/2"}],"replies":[{"embeddable":true,"href":"https:\/\/es.rops-opole.pl\/index.php?rest_route=%2Fwp%2Fv2%2Fcomments&post=17"}],"version-history":[{"count":20,"href":"https:\/\/es.rops-opole.pl\/index.php?rest_route=\/wp\/v2\/pages\/17\/revisions"}],"predecessor-version":[{"id":1777,"href":"https:\/\/es.rops-opole.pl\/index.php?rest_route=\/wp\/v2\/pages\/17\/revisions\/1777"}],"wp:attachment":[{"href":"https:\/\/es.rops-opole.pl\/index.php?rest_route=%2Fwp%2Fv2%2Fmedia&parent=17"}],"wp:term":[{"taxonomy":"category","embeddable":true,"href":"https:\/\/es.rops-opole.pl\/index.php?rest_route=%2Fwp%2Fv2%2Fcategories&post=17"},{"taxonomy":"post_tag","embeddable":true,"href":"https:\/\/es.rops-opole.pl\/index.php?rest_route=%2Fwp%2Fv2%2Ftags&post=17"}],"curies":[{"name":"wp","href":"https:\/\/api.w.org\/{rel}","templated":true}]}}