{"id":262,"date":"2024-03-05T12:46:58","date_gmt":"2024-03-05T11:46:58","guid":{"rendered":"http:\/\/es.rops-opole.pl\/?page_id=262"},"modified":"2025-12-03T11:05:39","modified_gmt":"2025-12-03T10:05:39","slug":"materialy-do-pobrania","status":"publish","type":"page","link":"https:\/\/es.rops-opole.pl\/?page_id=262","title":{"rendered":"Materia\u0142y do pobrania"},"content":{"rendered":"\n<div class=\"wp-block-media-text is-stacked-on-mobile is-vertically-aligned-bottom\" style=\"grid-template-columns:17% auto\"><figure class=\"wp-block-media-text__media\"><img loading=\"lazy\" decoding=\"async\" width=\"1080\" height=\"1080\" src=\"http:\/\/es.rops-opole.pl\/wp-content\/uploads\/2024\/03\/Opolskie-spojne-i-aktywne-spolecznie-3-1.png\" alt=\"\" class=\"wp-image-301 size-full\" srcset=\"https:\/\/es.rops-opole.pl\/wp-content\/uploads\/2024\/03\/Opolskie-spojne-i-aktywne-spolecznie-3-1.png 1080w, https:\/\/es.rops-opole.pl\/wp-content\/uploads\/2024\/03\/Opolskie-spojne-i-aktywne-spolecznie-3-1-150x150.png 150w, https:\/\/es.rops-opole.pl\/wp-content\/uploads\/2024\/03\/Opolskie-spojne-i-aktywne-spolecznie-3-1-592x592.png 592w, https:\/\/es.rops-opole.pl\/wp-content\/uploads\/2024\/03\/Opolskie-spojne-i-aktywne-spolecznie-3-1-178x178.png 178w\" sizes=\"auto, (max-width: 1080px) 100vw, 1080px\"><\/figure><div class=\"wp-block-media-text__content\">\n<div class=\"wp-block-group\"><div class=\"wp-block-group__inner-container is-layout-constrained wp-block-group-is-layout-constrained\"><div class=\"pt-cv-wrapper\"> <div class=\"pt-cv-view pt-cv-blockgrid iscvblock iscvreal list1 layout1\" id=\"pt-cv-view-kebwkkak\"><div data-id=\"pt-cv-page-1\" class=\"pt-cv-page\" data-cvc=\"1\"><div class=\" pt-cv-content-item pt-cv-2-col\"><h4 class=\"pt-cv-title\"><a href=\"https:\/\/es.rops-opole.pl\/?p=1798\" class=\"_self\" target=\"_self\">Ekonomia Spo\u0142eczna w wojew\u00f3dztwie opolskim -broszura informacyjna<\/a><\/h4>\n<div class=\"pt-cv-rmwrap\"><a href=\"https:\/\/es.rops-opole.pl\/?p=1798\" class=\"_self pt-cv-readmore btn btn-success\" target=\"_self\">Dowiedz Si\u0119 Wi\u0119cej\u2026<\/a><\/div>\n<div class=\"pt-cv-meta-fields\"><span class=\"entry-date\"> <time datetime=\"2025-11-07T13:58:21+01:00\">07\/11\/2025<\/time><\/span><span>  <\/span><span class=\"author\"> <a href=\"https:\/\/es.rops-opole.pl\/?author=2\" rel=\"author\">Karolina W\u0142odarska<\/a><\/span><\/div><\/div>\n<div class=\" pt-cv-content-item pt-cv-2-col\"><h4 class=\"pt-cv-title\"><a href=\"https:\/\/es.rops-opole.pl\/?p=1188\" class=\"_self\" target=\"_self\">Logo Opolskiej Ekonomii Spo\u0142ecznej<\/a><\/h4>\n<div class=\"pt-cv-rmwrap\"><a href=\"https:\/\/es.rops-opole.pl\/?p=1188\" class=\"_self pt-cv-readmore btn btn-success\" target=\"_self\">Dowiedz Si\u0119 Wi\u0119cej\u2026<\/a><\/div>\n<div class=\"pt-cv-meta-fields\"><span class=\"entry-date\"> <time datetime=\"2024-09-03T15:13:07+02:00\">03\/09\/2024<\/time><\/span><span>  <\/span><span class=\"author\"> <a href=\"https:\/\/es.rops-opole.pl\/?author=2\" rel=\"author\">Karolina W\u0142odarska<\/a><\/span><\/div><\/div>\n<div class=\" pt-cv-content-item pt-cv-2-col\"><h4 class=\"pt-cv-title\"><a href=\"https:\/\/es.rops-opole.pl\/?p=334\" class=\"_self\" target=\"_self\">Powiatowe spotkania z zakresu deinstytucjonalizacji us\u0142ug spo\u0142ecznych.<\/a><\/h4>\n<div class=\"pt-cv-rmwrap\"><a href=\"https:\/\/es.rops-opole.pl\/?p=334\" class=\"_self pt-cv-readmore btn btn-success\" target=\"_self\">Dowiedz Si\u0119 Wi\u0119cej\u2026<\/a><\/div>\n<div class=\"pt-cv-meta-fields\"><span class=\"entry-date\"> <time datetime=\"2024-03-12T13:47:29+01:00\">12\/03\/2024<\/time><\/span><span>  <\/span><span class=\"author\"> <a href=\"https:\/\/es.rops-opole.pl\/?author=2\" rel=\"author\">Karolina W\u0142odarska<\/a><\/span><\/div><\/div>\n<div class=\" pt-cv-content-item pt-cv-2-col\"><h4 class=\"pt-cv-title\"><a href=\"https:\/\/es.rops-opole.pl\/?p=1036\" class=\"_self\" target=\"_self\">Opolski Program Rozwoju Ekonomii Spo\u0142ecznej na lata 2023-2027<\/a><\/h4>\n<div class=\"pt-cv-rmwrap\"><a href=\"https:\/\/es.rops-opole.pl\/?p=1036\" class=\"_self pt-cv-readmore btn btn-success\" target=\"_self\">Dowiedz Si\u0119 Wi\u0119cej\u2026<\/a><\/div>\n<div class=\"pt-cv-meta-fields\"><span class=\"entry-date\"> <time datetime=\"2024-03-11T09:11:00+01:00\">11\/03\/2024<\/time><\/span><span>  <\/span><span class=\"author\"> <a href=\"https:\/\/es.rops-opole.pl\/?author=2\" rel=\"author\">Karolina W\u0142odarska<\/a><\/span><\/div><\/div>\n<div class=\" pt-cv-content-item pt-cv-2-col\"><h4 class=\"pt-cv-title\"><a href=\"https:\/\/es.rops-opole.pl\/?p=264\" class=\"_self\" target=\"_self\">Logotypy projektu<\/a><\/h4>\n<div class=\"pt-cv-rmwrap\"><a href=\"https:\/\/es.rops-opole.pl\/?p=264\" class=\"_self pt-cv-readmore btn btn-success\" target=\"_self\">Dowiedz Si\u0119 Wi\u0119cej\u2026<\/a><\/div>\n<div class=\"pt-cv-meta-fields\"><span class=\"entry-date\"> <time datetime=\"2024-03-05T12:42:35+01:00\">05\/03\/2024<\/time><\/span><span>  <\/span><span class=\"author\"> <a href=\"https:\/\/es.rops-opole.pl\/?author=2\" rel=\"author\">Karolina W\u0142odarska<\/a><\/span><\/div><\/div><\/div><\/div> <\/div> <style>\n\n#pt-cv-view-kebwkkak .pt-cv-meta-fields {  }#pt-cv-view-kebwkkak .pt-cv-meta-fields * { font-size: 13px; }#pt-cv-view-kebwkkak .pt-cv-thumb-wrapper:not(.miniwrap) { width: 40%; }#pt-cv-view-kebwkkak .pt-cv-thumbnail:not(.pt-cv-thumbnailsm) { height: 300px; }#pt-cv-view-kebwkkak .pt-cv-title a { display: block; }#pt-cv-view-kebwkkak .pt-cv-title:not(.pt-cv-titlesm) a { font-weight: 600;text-decoration: none;font-size: 22px; }#pt-cv-view-kebwkkak .pt-cv-titlesm a { font-weight: 600;font-size: 18px; }#pt-cv-view-kebwkkak .pt-cv-content { font-size: 15px; }#pt-cv-view-kebwkkak .pt-cv-rmwrap {  }#pt-cv-view-kebwkkak .pt-cv-readmore { color: #fff;background-color: #0075ff;border-style: solid;font-size: 14px; }#pt-cv-view-kebwkkak .pt-cv-taxoterm {  }#pt-cv-view-kebwkkak .pt-cv-taxoterm * { color: #222;background-color: #fff6f6;font-size: 14px; }#pt-cv-view-kebwkkak + .pt-cv-pagination-wrapper {  }#pt-cv-view-kebwkkak + .pt-cv-pagination-wrapper a { font-size: 14px; }#pt-cv-view-kebwkkak > .pt-cv-page {grid-template-columns: repeat(1, 1fr);grid-gap: 20px;}\n@media all and (max-width: 1024px) { \n#pt-cv-view-kebwkkak > .pt-cv-page {grid-template-columns: repeat(1, 1fr);}\n} \n@media all and (max-width: 767px) { \n#pt-cv-view-kebwkkak > .pt-cv-page {grid-template-columns: repeat(1, 1fr);}\n} <\/style><\/div><\/div>\n<\/div><\/div>\n\n\n\n<p><a href=\"\/wp-content\/uploads\/2024\/08\/Regulamin%20uczestnictwa%20-%20Opolskie%20Sp%C3%B3jne%20i%20Aktywnie%20Spo%C5%82ecznie.pdf\" target=\"_blank\" rel=\"noreferrer noopener\" class=\"target-blank use-tooltip\" aria-label=\"Regulamin uczestnictwa \u2013 Opolskie Sp\u00f3jne i Aktywne Spo\u0142ecznie.pdf ( dokument PDF, otworzy si\u0119 w nowym oknie)\">Regulamin uczestnictwa \u2013 Opolskie Sp\u00f3jne i Aktywne Spo\u0142ecznie.pdf<svg aria-hidden=\"true\" class=\"icon-pdf\" viewbox=\"0 0 1792 1792\"><path d=\"M1596 380q28 28 48 76t20 88v1152q0 40-28 68t-68 28h-1344q-40 0-68-28t-28-68v-1600q0-40 28-68t68-28h896q40 0 88 20t76 48zm-444-244v376h376q-10-29-22-41l-313-313q-12-12-41-22zm384 1528v-1024h-416q-40 0-68-28t-28-68v-416h-768v1536h1280zm-514-593q33 26 84 56 59-7 117-7 147 0 177 49 16 22 2 52 0 1-1 2l-2 2v1q-6 38-71 38-48 0-115-20t-130-53q-221 24-392 83-153 262-242 262-15 0-28-7l-24-12q-1-1-6-5-10-10-6-36 9-40 56-91.5t132-96.5q14-9 23 6 2 2 2 4 52-85 107-197 68-136 104-262-24-82-30.5-159.5t6.5-127.5q11-40 42-40h22q23 0 35 15 18 21 9 68-2 6-4 8 1 3 1 8v30q-2 123-14 192 55 164 146 238zm-576 411q52-24 137-158-51 40-87.5 84t-49.5 74zm398-920q-15 42-2 132 1-7 7-44 0-3 7-43 1-4 4-8-1-1-1-2t-.5-1.5-.5-1.5q-1-22-13-36 0 1-1 2v2zm-124 661q135-54 284-81-2-1-13-9.5t-16-13.5q-76-67-127-176-27 86-83 197-30 56-45 83zm646-16q-24-24-140-24 76 28 124 28 14 0 18-1 0-1-2-3z\"><\/path><\/svg><svg aria-hidden=\"true\" class=\"icon-new-window\" viewbox=\"0 0 1792 1792\"><path d=\"M1408 960v-128q0-26-19-45t-45-19h-320v-320q0-26-19-45t-45-19h-128q-26 0-45 19t-19 45v320h-320q-26 0-45 19t-19 45v128q0 26 19 45t45 19h320v320q0 26 19 45t45 19h128q26 0 45-19t19-45v-320h320q26 0 45-19t19-45zm256-544v960q0 119-84.5 203.5t-203.5 84.5h-960q-119 0-203.5-84.5t-84.5-203.5v-960q0-119 84.5-203.5t203.5-84.5h960q119 0 203.5 84.5t84.5 203.5z\"><\/path><\/svg><span class=\"tooltip\"> dokument PDF, otworzy si\u0119 w nowym oknie<\/span><\/a><\/p>\n\n\n\n<p><\/p>\n\n","protected":false},"excerpt":{"rendered":null,"protected":false},"author":2,"featured_media":0,"parent":0,"menu_order":0,"comment_status":"closed","ping_status":"closed","template":"","meta":{"footnotes":""},"categories":[5],"tags":[],"class_list":["post-262","page","type-page","status-publish","hentry","category-materialy"],"_links":{"self":[{"href":"https:\/\/es.rops-opole.pl\/index.php?rest_route=\/wp\/v2\/pages\/262","targetHints":{"allow":["GET"]}}],"collection":[{"href":"https:\/\/es.rops-opole.pl\/index.php?rest_route=\/wp\/v2\/pages"}],"about":[{"href":"https:\/\/es.rops-opole.pl\/index.php?rest_route=\/wp\/v2\/types\/page"}],"author":[{"embeddable":true,"href":"https:\/\/es.rops-opole.pl\/index.php?rest_route=\/wp\/v2\/users\/2"}],"replies":[{"embeddable":true,"href":"https:\/\/es.rops-opole.pl\/index.php?rest_route=%2Fwp%2Fv2%2Fcomments&post=262"}],"version-history":[{"count":13,"href":"https:\/\/es.rops-opole.pl\/index.php?rest_route=\/wp\/v2\/pages\/262\/revisions"}],"predecessor-version":[{"id":1843,"href":"https:\/\/es.rops-opole.pl\/index.php?rest_route=\/wp\/v2\/pages\/262\/revisions\/1843"}],"wp:attachment":[{"href":"https:\/\/es.rops-opole.pl\/index.php?rest_route=%2Fwp%2Fv2%2Fmedia&parent=262"}],"wp:term":[{"taxonomy":"category","embeddable":true,"href":"https:\/\/es.rops-opole.pl\/index.php?rest_route=%2Fwp%2Fv2%2Fcategories&post=262"},{"taxonomy":"post_tag","embeddable":true,"href":"https:\/\/es.rops-opole.pl\/index.php?rest_route=%2Fwp%2Fv2%2Ftags&post=262"}],"curies":[{"name":"wp","href":"https:\/\/api.w.org\/{rel}","templated":true}]}}